{"id":6,"date":"2024-11-18T10:20:18","date_gmt":"2024-11-18T10:20:18","guid":{"rendered":"https:\/\/psihologijauspeha.com\/?page_id=6"},"modified":"2024-11-21T11:51:21","modified_gmt":"2024-11-21T11:51:21","slug":"pocetna","status":"publish","type":"page","link":"https:\/\/psihologijauspeha.com\/","title":{"rendered":"Po\u010detna"},"content":{"rendered":"\t\t<div data-elementor-type=\"wp-page\" data-elementor-id=\"6\" class=\"elementor elementor-6\" data-elementor-post-type=\"page\">\n\t\t\t\t<div class=\"elementor-element elementor-element-e04512a e-flex e-con-boxed e-con e-parent\" data-id=\"e04512a\" data-element_type=\"container\">\n\t\t\t\t\t<div class=\"e-con-inner\">\n\t\t\t\t<div class=\"elementor-element elementor-element-c38aa3a elementor-widget elementor-widget-heading\" data-id=\"c38aa3a\" data-element_type=\"widget\" data-widget_type=\"heading.default\">\n\t\t\t\t<div class=\"elementor-widget-container\">\n\t\t\t<h2 class=\"elementor-heading-title elementor-size-default\">EDIT<\/h2>\t\t<\/div>\n\t\t\t\t<\/div>\n\t\t\t\t\t<\/div>\n\t\t\t\t<\/div>\n\t\t<div class=\"elementor-element elementor-element-ec8b69a e-flex e-con-boxed e-con e-parent\" data-id=\"ec8b69a\" data-element_type=\"container\">\n\t\t\t\t\t<div class=\"e-con-inner\">\n\t\t\t\t<div class=\"elementor-element elementor-element-254703d elementor-widget elementor-widget-text-editor\" data-id=\"254703d\" data-element_type=\"widget\" data-widget_type=\"text-editor.default\">\n\t\t\t\t<div class=\"elementor-widget-container\">\n\t\t\t\t\t\t\t<p><b>Umoran\/a od ve\u010ditog umora? Resetuj svoj san i \u017eivot za 14 dana<\/b><\/p>\t\t\t\t\t\t<\/div>\n\t\t\t\t<\/div>\n\t\t\t\t<div class=\"elementor-element elementor-element-a25e95a elementor-widget elementor-widget-text-editor\" data-id=\"a25e95a\" data-element_type=\"widget\" data-widget_type=\"text-editor.default\">\n\t\t\t\t<div class=\"elementor-widget-container\">\n\t\t\t\t\t\t\t<p><b>Nau\u010dno dokazan program za kvalitetniji san i \u017eivot pun energije<\/b><\/p>\t\t\t\t\t\t<\/div>\n\t\t\t\t<\/div>\n\t\t\t\t<div class=\"elementor-element elementor-element-65ff897 elementor-widget elementor-widget-heading\" data-id=\"65ff897\" data-element_type=\"widget\" data-widget_type=\"heading.default\">\n\t\t\t\t<div class=\"elementor-widget-container\">\n\t\t\t<h2 class=\"elementor-heading-title elementor-size-default\">SLEEP RESET - ONLINE IZAZOV IZ KOGA \u0106E\u0160 IZA\u0106I ODMORNIJI, PUNIJI ENERGIJE I MENTALNO FOKUSIRANIJI \n<\/h2>\t\t<\/div>\n\t\t\t\t<\/div>\n\t\t\t\t<div class=\"elementor-element elementor-element-2fa6502 elementor-widget elementor-widget-text-editor\" data-id=\"2fa6502\" data-element_type=\"widget\" data-widget_type=\"text-editor.default\">\n\t\t\t\t<div class=\"elementor-widget-container\">\n\t\t\t\t\t\t\t<p>Ako misli\u0161 da ti je samo potrebno par trikova da br\u017ee zaspi\u0161, ovaj program nije za tebe.<\/p>\n<p>Ovo je sveobuhvatan pristup koji ti omogu\u0107ava da preuzme\u0161 kontrolu nad svojim spavanjem, prestane\u0161 da koristi\u0161 snooze dugme na alarmu i kona\u010dno se probudi\u0161 osve\u017een\/a, svaki dan.<\/p>\n<p><b><u>Da li ti ovo zvu\u010di poznato?<\/u><\/b><\/p>\n<p> Ima\u0161 ose\u0107aj da ne posti\u017ee\u0161 svoj maksimum? <br>Frustriran\/a si jer jo\u0161 uvek nisi ispunio\/la svoje ciljeve? <br>Koliko god da se trudi\u0161, nikako ne mo\u017ee\u0161 da istraje\u0161 u svojim navikama?<\/p>\n<p><br>Dobra vest je da je sve okej sa tobom &#8211; <b><u>samo si umoran\/a.<br><\/u><\/b><br>I znam ta\u010dno kako se ose\u0107a\u0161.<br><br>Godinama sam mislio da sa mnom ne\u0161to nije u redu. <br>Isprobavao sam sve &#8211; od motivacionih govora i beskrajnih to-do lista, do skupih kurseva o produktivnosti. <br>Ali ni\u0161ta nije radilo, jer sam re\u0161avao pogre\u0161an problem.<br><br>Tada sam shvatio &#8211; nije stvar u mojoj disciplini ili sposobnostima. Bio sam jednostavno preumoran da \u017eivim svoj puni potencijal.<\/p>\t\t\t\t\t\t<\/div>\n\t\t\t\t<\/div>\n\t\t\t\t\t<\/div>\n\t\t\t\t<\/div>\n\t\t\t\t<\/div>\n\t\t","protected":false},"excerpt":{"rendered":"<p>EDIT Umoran\/a od ve\u010ditog umora? Resetuj svoj san i \u017eivot za 14 dana Nau\u010dno dokazan program za kvalitetniji san i \u017eivot pun energije SLEEP RESET &#8211; ONLINE IZAZOV IZ KOGA \u0106E\u0160 IZA\u0106I ODMORNIJI, PUNIJI ENERGIJE I MENTALNO FOKUSIRANIJI Ako misli\u0161 da ti je samo potrebno par trikova da br\u017ee zaspi\u0161, ovaj program nije za tebe. [&hellip;]<\/p>\n","protected":false},"author":1,"featured_media":0,"parent":0,"menu_order":0,"comment_status":"closed","ping_status":"closed","template":"","meta":{"footnotes":""},"class_list":["post-6","page","type-page","status-publish","hentry"],"_links":{"self":[{"href":"https:\/\/psihologijauspeha.com\/index.php?rest_route=\/wp\/v2\/pages\/6","targetHints":{"allow":["GET"]}}],"collection":[{"href":"https:\/\/psihologijauspeha.com\/index.php?rest_route=\/wp\/v2\/pages"}],"about":[{"href":"https:\/\/psihologijauspeha.com\/index.php?rest_route=\/wp\/v2\/types\/page"}],"author":[{"embeddable":true,"href":"https:\/\/psihologijauspeha.com\/index.php?rest_route=\/wp\/v2\/users\/1"}],"replies":[{"embeddable":true,"href":"https:\/\/psihologijauspeha.com\/index.php?rest_route=%2Fwp%2Fv2%2Fcomments&post=6"}],"version-history":[{"count":20,"href":"https:\/\/psihologijauspeha.com\/index.php?rest_route=\/wp\/v2\/pages\/6\/revisions"}],"predecessor-version":[{"id":35,"href":"https:\/\/psihologijauspeha.com\/index.php?rest_route=\/wp\/v2\/pages\/6\/revisions\/35"}],"wp:attachment":[{"href":"https:\/\/psihologijauspeha.com\/index.php?rest_route=%2Fwp%2Fv2%2Fmedia&parent=6"}],"curies":[{"name":"wp","href":"https:\/\/api.w.org\/{rel}","templated":true}]}}